 2*c - 4*z = w, -691 - 141 = -4*c - z. What is the tens digit of c?
0
Let w = 7646 - 1999. What is the thousands digit of w?
5
Suppose 89*s = 34*s + 1279685. What is the tens digit of s?
6
Let h(u) = 2*u**2 + 24*u + 1. Let r be h(-11). Let i = 126 - r. What is the units digit of i?
7
Let n = -2094 - -10138. Suppose 0 = -18*y + n + 5168. What is the units digit of y?
4
Let q(s) = s**2 - 18. Let x be q(8). Suppose -43*l + 55*l = 828. What is the units digit of x/l + (-271)/(-3)?
1
Let d = 18825 - 5271. What is the units digit of d?
4
Let o = -89793 + 136769. What is the units digit of o?
6
Let w(y) = 62*y**2 + 59*y**2 - 58*y + 56*y. Let t(q) = -q**3 - 21*q**2 - q - 20. Let i be t(-21). What is the hundreds digit of w(i)?
1
Let z(i) = i**2 + i - 8. Let w be z(0). Let l(s) be the third derivative of s**5/15 + 17*s**4/24 + s**3/6 + 74*s**2. What is the hundreds digit of l(w)?
1
What is the hundreds digit of (-2982683)/(-66) - (-18)/(-108)?
1
What is the units digit of 170/3*(-735)/(-70)?
5
Let u be -880 - (12 + -5 + -3). Let v = 1305 + u. What is the hundreds digit of v?
4
Suppose 11*t - 17 = 49. Suppose 0 = -t*h - 1 + 19. Suppose -107 = -6*i + 5*i - 2*o, -h*o - 395 = -4*i. What is the units digit of i?
1
Let f(t) = t**3 - 16*t**2 + 28*t + 207. What is the thousands digit of f(22)?
3
Let k = -20113 + 41269. What is the hundreds digit of k?
1
Let o be (-2)/(-8) + (-6)/24. Suppose o = g - 3*s + 72, -5*g + s = -0*g + 318. What is the units digit of (0 - g)/((-57)/(-38))?
2
Let p be ((-21)/(-5) + (-60)/(-75))*244. Suppose 2*r + 4*g = 604, p = 4*r - 0*g + 5*g. What is the hundreds digit of r?
3
Suppose -122750 - 78961 = -3*p. What is the thousands digit of p?
7
Let z = 5 + 20. Let d(y) be the second derivative of y**4/12 - 23*y**3/6 + 3*y**2 + 17*y. What is the units digit of d(z)?
6
Suppose 0 = -2*f - 4, -4*f = -i - 7*f + 9. Suppose -7458 = -i*a - 1053. What is the tens digit of a?
2
Suppose 0 = -10*j + 15*j + 205. Let a = j - -45. Suppose -a*o - 4*v - 76 = -388, 2*v = -6. What is the tens digit of o?
8
Let k = -21592 + 29127. What is the units digit of k?
5
What is the units digit of (9994/6)/(17 - 450/27)?
7
Let d be (39/26)/(3/100). Suppose -a + d = 2*j - 207, -3*a = 3. What is the hundreds digit of j?
1
Let o = 26773 - -49547. What is the hundreds digit of o?
3
Let g(a) be the third derivative of -11/24*a**4 + 0*a + 0 + 9*a**2 - 1/3*a**3. What is the tens digit of g(-9)?
9
Let i = 7541 + 4113. What is the tens digit of i?
5
Let d = 5760 - -8364. What is the units digit of d?
4
Suppose -5*s - 10 = 0, k = -4*s + 1198 + 543. What is the units digit of k?
9
Suppose -q = 4*q - 2*g - 274, -230 = -4*q - 2*g. Suppose 3*k - 1 - q = 0. Let w(z) = z**2 - 16*z - 9. What is the units digit of w(k)?
8
Let i(r) = -r**2 + r - 6. Let u(v) = -53*v**2 - 9*v + 20. Let y(k) = -3*i(k) - u(k). What is the units digit of y(-3)?
4
Suppose 21*h = 44*h - 654350. What is the thousands digit of h?
8
Suppose 0 = 10*r - 4*r + 18. Let i be 338/(-12)*4 - 2/r. Let x = i - -232. What is the units digit of x?
0
Let r = 41473 - 24244. What is the thousands digit of r?
7
Let q(o) = -58 - 44*o - 58 + 114. Let s be q(-1). Suppose 2*n + s = 5*n. What is the tens digit of n?
1
Let s(t) be the third derivative of 27*t**6/8 + t**4/4 - t**3 + t**2 + 54*t. What is the units digit of s(1)?
5
Let x(s) = 212*s**2 + 9. What is the tens digit of x(4)?
0
Let f = -3769 + 4567. What is the hundreds digit of f?
7
What is the units digit of (-606240)/(-18) - (-4 + 16)?
8
Let x(f) be the third derivative of -5*f**4/24 + 16*f**3/3 - 16*f**2. Let v be x(9). Let j = v - -96. What is the units digit of j?
3
Suppose -2*a = 2*s + 4, 5 = -s - 2*a - 2. Suppose 4*y + 58 = 110. Suppose -y + 183 = 2*d - s*j, -2*d + 4*j = -168. What is the tens digit of d?
8
Suppose -5*l + 11099 + 1538 = -z, l - 2537 = 5*z. What is the tens digit of l?
2
Suppose -7385 = -9*f - 1661. What is the tens digit of f?
3
Let q = 590 + -291. Let f = -46 + q. What is the tens digit of f?
5
Let v(y) be the first derivative of 52*y**2 + 5*y - 1. What is the units digit of v(2)?
3
Suppose 13*t - 2*t - 33680 = -9*t. What is the units digit of t?
4
What is the hundreds digit of 13/((-78)/(-9))*(3 - 2 - -3669)?
5
Suppose -6 = -2*z, -3*v - 2*z + 21 = -0*v. Suppose -3*u - u - 12 = -4*s, 0 = -v*u. Suppose -209 = -s*a + 88. What is the units digit of a?
9
Let m be 2*(6 + (-2754)/(-12)). Let h = -157 + m. What is the tens digit of h?
1
Suppose -3*w + 76475 = -14*i + 12*i, -w - 4*i + 25487 = 0. What is the tens digit of w?
9
Suppose -4*m + 64 = -z, -6*m + 2*z = -9*m + 59. Suppose -m*b = -31*b + 10108. What is the tens digit of b?
2
Let c = 105 + -105. Let q(l) = -l - 45. Let d be q(c). Let p = 231 + d. What is the units digit of p?
6
Suppose -363*k + 3087 = -298*k - 1333. Let y be 2/(-2) - (-72)/1. Let z = y + k. What is the hundreds digit of z?
1
Let m = -8726 - -17868. Suppose 5*z + 9*z - m = 0. What is the units digit of z?
3
Let x be (150/8)/((-9)/(-96)). Let p = x + -73. Let t = p - 70. What is the tens digit of t?
5
Suppose 3*p + 22756 = 4*k, -3*k = -1079*p + 1077*p - 17069. What is the thousands digit of k?
5
Let g be (-125)/(-10)*132/(-10). Suppose -1635 = 4*u - 475. Let j = g - u. What is the units digit of j?
5
Let q(y) = 625*y**2 + 5*y + 10. Let z be q(6). Suppose z = 36*n + 13*n. What is the units digit of n?
0
Suppose 5*q - 35 = -15. Suppose 216 + 152 = q*x. Suppose -3*y - x + 515 = 0. What is the units digit of y?
1
Let l(p) = 4*p**3 - 2*p**2 - p - 4. Let i be l(4). Let n = i + -172. What is the units digit of n?
4
Suppose 14*y + 27 = -43. Let q(l) = 8*l**2 + 8*l + 16. What is the units digit of q(y)?
6
Suppose 5*u - 38030 = -5*a, 0 = -5*u + 15*a - 12*a + 37982. What is the units digit of u?
0
Let y(f) = -1. Suppose -16*k = -6*k - 30. Let l(x) = 64*x - 19. Let i(n) = k*y(n) + l(n). What is the tens digit of i(5)?
9
Let k = -101 - -104. Suppose 3*s = 5*s + k*y + 1597, 9 = 3*y. What is the tens digit of (s + -5)/(-4) + 2?
0
Let t = 60178 - 8192. What is the thousands digit of t?
1
Let t be (7/2)/(49/420). Let y(z) = 4*z**2 - 3*z + 2. Let l be y(2). Let w = t - l. What is the tens digit of w?
1
Let t = 26 + -21. Suppose t*q + 282 = -318. What is the tens digit of (9/6)/((-2)/q)?
9
Let s(l) = -109*l - 29. Let y be (-51)/34*28/6. Let p(u) = 163*u + 44. Let c(o) = y*s(o) - 5*p(o). What is the units digit of c(-5)?
3
Let c be -1 + (9916/(-2))/2. Let s = c - -3704. What is the units digit of s?
4
Suppose -5*d + 119 + 71 = 0. Suppose 0 = -2*n + 54 - d. Suppose -7*y = -3*y + n, -r + y = -89. What is the tens digit of r?
8
Let m be ((-5)/(70/12))/(18/(-252)). Suppose 0 = -m*b + b + 55. Suppose 2*o = b*o - 222. What is the tens digit of o?
7
Let k(h) = h + 2. Let w(i) = 89*i + 12. Let j(b) = -k(b) + w(b). What is the hundreds digit of j(10)?
8
Suppose 0 = -28*f + 57983 + 443362 + 92115. What is the hundreds digit of f?
1
Let l(w) = 2293*w**2 - 46*w + 1. What is the units digit of l(2)?
1
Let x(d) = 13*d + 73. Let o(u) = 21*u + 18. Let c(r) = r. Let b(j) = -18*c(j) + o(j). Let g(y) = 9*b(y) - 2*x(y). What is the units digit of g(-9)?
7
Suppose -156*w = 159*w - 304*w - 271865. What is the ten thousands digit of w?
2
Let d = 31619 + -18565. What is the ten thousands digit of d?
1
Suppose 5*l + 5 = 0, -336 = -t + 2*l + 22. Let s = 577 - t. What is the hundreds digit of s?
2
Let w(a) = a. Let c(n) = 156*n - 182. Let r(p) = -2*c(p) + 364*w(p). What is the hundreds digit of r(16)?
1
Let b(d) = -4*d - 36. Let t be b(-10). Suppose 3*m = t*m + 5*j, 0 = 5*m - 3*j. Suppose 5*g + 2*f = -0*f + 94, 3*g - f - 52 = m. What is the tens digit of g?
1
Let c = 22722 - 13518. What is the units digit of c?
4
Suppose 0 = -l - 5*c + 11, 4*c - 4 = 5*l - 30. What is the units digit of 501/l*(48/4)/3?
4
What is the hundreds digit of 6478/(-237)*(-363)/2?
9
Let s(v) = -v**3 - 25*v**2 - 17*v - 2. Let u(g) = -g**3 + 14*g**2 - 3*g + 17. Let f be u(14). What is the hundreds digit of s(f)?
4
What is the units digit of (-11)/(-4) - (5 - 2274735/60)?
0
Let o(l) = 10*l**2 + 27*l**2 + 3*l - 35*l**2 - 5. What is the tens digit of o(-4)?
1
Suppose 12*n = -1497 + 7401. Suppose -168 = r - n. What is the tens digit of r?
2
Let u = 165 - 162. Let s(a) = 25*a**3 - 2*a**2 + 5*a - 1. Let i be 